*z = -3*g + 20. Suppose -z*c - 147 - 262 = -4*q, 3*q = -c + 321. What is the remainder when q is divided by 18?
16
Suppose 0 = -3*z - 15, 2*k + 4*z - 3 = -z. Let w(b) = 41*b + 9. What is the remainder when w(2) is divided by k?
7
Let h be 36/(-10)*-1 + (-6)/(-15). Suppose 2*i - 108 = -h*i. What is the remainder when 43 is divided by i?
7
Let o(c) = -c**3 - 6*c**2 - 10*c - 20. Calculate the remainder when o(-5) is divided by 2.
1
Let v = -70 + 13. Let o = -34 - v. Calculate the remainder when 87 is divided by o.
18
Let k(l) = 3*l**2 - 13*l - 10. Let b be k(8). Let t = 93 - b. Calculate the remainder when 45*1 - (1 - -1) is divided by t.
13
Let d = -117 - -245. What is the remainder when d is divided by 33?
29
Let f(l) be the first derivative of -5*l**2/2 - 41*l - 23. What is the remainder when f(-19) is divided by 2/(-6) - (-174)/9?
16
Let l(d) = 38*d**2 - 9*d + 7. Let v(s) = -57*s**2 + 14*s - 10. Let c(h) = 8*l(h) + 5*v(h). What is the remainder when c(2) is divided by 27?
24
Suppose 0*k = -4*k + 16. Suppose w + k*w - 41 = -4*j, 5*j - 40 = -4*w. What is the remainder when 4*1*-4*(-1)/4 is divided by j?
0
Suppose 2*y = -3*z + 2*z - 5, -12 = 4*z. Let t be 7/(-14)*(-183 + y). Suppose -4*d + 8*d = t. What is the remainder when 43 is divided by d?
20
Suppose -6*z - 26 = -266. Let p = z + -37. What is the remainder when 7 is divided by p?
1
Let c(h) = -36*h + 55. What is the remainder when c(-3) is divided by 34?
27
Let n = 21 - -18. What is the remainder when n is divided by (3 - 17/4) + (-279)/(-12)?
17
Let k = 2 - -19. Suppose 5*z - 9 - 31 = 0. What is the remainder when k is divided by z?
5
Suppose -39 = -5*i + 31. Let o(p) = p**2 - 19*p + 23. Calculate the remainder when o(19) is divided by i.
9
Calculate the remainder when (-1946)/(-18) + (8/(-9))/8 is divided by 10.
8
Suppose -3*r - 1 = -13, -174 = -5*m + 4*r. Calculate the remainder when 76 is divided by m.
0
Suppose 5*i - 6*f + 2*f - 1622 = 0, 1613 = 5*i - f. What is the remainder when i is divided by 54?
52
Let n(t) = -t**2 - 19*t. Let v(l) = l**2 + l + 34. Let h be v(0). Let r = h + -50. Calculate the remainder when n(r) is divided by 25.
23
Let b(m) = 25*m + 1. Let t be b(-3). Calculate the remainder when (27/(-18))/(149/t + 2) is divided by 29.
24
Let f = 80 - 66. Calculate the remainder when 9 is divided by f - 8 - -2 - (-4)/(-1).
1
Suppose 2*k - 396 = 4*y, 10*k - 5*k + 4*y - 962 = 0. Calculate the remainder when k is divided by 49.
47
Let o(x) be the second derivative of x**4/12 + 5*x**2 + 10*x. Let v be -1*(-6 - -2) + 3. Calculate the remainder when o(v) is divided by 15.
14
Let j(z) = 365*z**2 - 18*z + 15. Calculate the remainder when j(1) is divided by 33.
32
Let o = 93 - 45. Suppose -4*h + o = -2*h. What is the remainder when 47 is divided by h?
23
Let o = 134 + -134. Suppose o = -10*l - 4 + 14. What is the remainder when 2 is divided by l?
0
Let s(w) = -w + 40. Calculate the remainder when 189 is divided by s(2).
37
Let x(v) = -v**2 - 8*v + 1. Suppose -12 = 2*n + n. Suppose -5*g - 15 = -4*h, -h - 4*g + 10 = 1. What is the remainder when x(n) is divided by h?
2
Let z(b) = b**2 + 15*b + 23. Let r be z(-11). Let v = r - -61. What is the remainder when v is divided by 14?
12
Suppose -2*p - 44 - 3 = -5*y, -4*y = -3*p - 39. Calculate the remainder when y is divided by 2.
1
Suppose 6*m + 146 - 212 = 0. What is the remainder when 54 is divided by m?
10
Let x(c) = -9*c + 263. Calculate the remainder when x(27) is divided by 17.
3
Let y = 389 - 232. Calculate the remainder when y is divided by 85.
72
Let l(g) = -8*g - 192. Suppose -2*y - 1 = -3*j, 4*j - 6 = 2*j - 4*y. Calculate the remainder when l(-25) is divided by j*3 + (-10)/(-5).
3
Suppose -3*c - w + 25 = -2*w, -3*c - 4*w = -35. Suppose 2*u + c = 5*u. Suppose 69 + 66 = u*t. What is the remainder when t is divided by 12?
9
Let q = -22 + 59. Let f = -32 - -35. Suppose 8 = f*j - 49. What is the remainder when q is divided by j?
18
What is the remainder when -3*(-41)/6 - (-18)/(-12) is divided by 6/(-4)*84/(-18)?
5
Suppose -k + 32 + 24 = 3*k. Let q = 66 - 28. Calculate the remainder when q is divided by k.
10
Suppose -4*d + 4*i = -32, -i + 17 = d + 3*d. What is the remainder when 30/5 + (-2)/(-1) is divided by d?
3
Suppose -2*s = -z + 28, 4*z + s - 52 - 15 = 0. Suppose -2*h + 0 = -3*p - 34, 0 = h - p - z. Let v = h + 7. Calculate the remainder when v is divided by 14.
13
Suppose 0 = -5*v - 20, -b + 2*v + 124 = -84. Suppose 6*n = n + j + b, 5*n + j - 190 = 0. Calculate the remainder when 154 is divided by n.
37
What is the remainder when (10 - 140/8)*104/(-6) is divided by 67?
63
Let m be (-325)/(-26) + 2/(-4). Suppose 2*v + 52 = 2*k + k, k - 17 = v. Calculate the remainder when 402/m + 2/(-8)*2 is divided by k.
15
Let n(b) = -6*b**3 + 2*b**2 + 13*b + 10. What is the remainder when n(-3) is divided by 40?
31
Let o(i) = i**2 + 2*i - 9. Let b be o(4). Calculate the remainder when b/80*4*116 is divided by 30.
27
Suppose 2*w - 4*w = 94. Let l = 96 + w. Let f = l + -34. Calculate the remainder when 42 is divided by f.
12
Let p = 1476 + -1463. What is the remainder when 335 is divided by p?
10
Suppose 4*k + k = 2*c - 78, -134 = -3*c - k. Calculate the remainder when 143 is divided by c.
11
Let c(u) = -7*u + 23. Let g be c(3). Suppose k + 100 = 5*m + g*k, -3*k = 4*m - 80. What is the remainder when m is divided by 11?
9
Let i(l) = l**2 - 6*l + 2. Let k be i(3). Calculate the remainder when (-2 - (-4)/1) + 8 is divided by -2 + k/((-21)/18).
2
Let u(r) = -8*r + 6. Calculate the remainder when u(-3) is divided by 22.
8
Let x(p) = 8*p + 3. Let f be x(8). Suppose 0 = 3*r + z - f, -6*z = -5*r - 2*z + 106. Calculate the remainder when r is divided by (-124)/(-10) + 10/(-25).
10
Let q(t) = -24*t**3 - t - 1. Let o(u) = -u**3 - 9*u**2 - 7*u + 7. Let b be o(-8). Calculate the remainder when 44 is divided by q(b).
20
Let k = -76 - -87. Suppose 0 = -f - 5*w + 43, 4*f = 5*f - 3*w - k. Calculate the remainder when f is divided by ((-6)/5)/(1/(-5)).
5
Let x(g) = -43*g**3 + g**2 + g + 1. Let s = 8 + -9. Let v(t) = t**2 - 1. What is the remainder when x(s) is divided by v(-4)?
14
Let i = -952 + 965. What is the remainder when 155 is divided by i?
12
What is the remainder when (-3)/(-4) - 9163/(-44) is divided by 18?
11
Calculate the remainder when 459 is divided by (-2)/7 - 32946/(-357).
91
Suppose 55 = 4*g - 9. Suppose -9*x - 20 = -14*x. Suppose 4*r - x = 184. Calculate the remainder when r is divided by g.
15
Suppose -17 - 306 = -4*t - 3*c, 5*t - c = 418. Let s = t + -143. Calculate the remainder when (s/(-9))/((-2)/(-6)) is divided by 7.
6
Suppose 16 = -4*l + 48. Let p(t) = -t**2 + 14*t - 33. What is the remainder when 88 is divided by p(l)?
13
Let q(t) = 50*t - 29. What is the remainder when q(4) is divided by 29?
26
Suppose -4*v = f - 251, 3*f - 94 = -v - 23. Calculate the remainder when 493 is divided by v.
59
Let o(m) = -17 - 4*m - 3 + 4. Calculate the remainder when 17 is divided by o(-7).
5
Let k be 3/((-18)/(-33))*-6. Let j = -25 - k. Suppose b - 33 = -j. What is the remainder when b is divided by 13?
12
Let w(q) be the first derivative of -q**4/4 + 2*q**3 + 9*q**2 - 3*q - 13. Calculate the remainder when 51 is divided by w(8).
12
Let q = 705 + -481. Calculate the remainder when q is divided by 49.
28
Let b(x) = -x**2 - 15*x - 7. Let u be b(-13). Suppose 24*w - u*w - 150 = 0. What is the remainder when 117 is divided by w?
27
Let b = 519 - 499. Calculate the remainder when b is divided by 3.
2
Let v be 10 + (-1 + 0)*1. Suppose v = 3*u + 1713. What is the remainder when 38 is divided by 4/(-14) - u/28?
18
Calculate the remainder when 82 is divided by 1 + 26*(-4)/(-8).
12
Let b(c) = -6*c - 1. Let f = -7 + 49. Suppose -38 - f = -4*r. What is the remainder when r is divided by b(-2)?
9
Let n = -19 - -37. Let l = 2 + -3. Calculate the remainder when n is divided by 30/4 - l/(-2).
4
Let t(u) = u**3 - 50*u**2 - 29*u - 37. Calculate the remainder when t(51) is divided by 16.
13
Suppose 5*v = -26 - 9. Let c = v + 5. What is the remainder when (37/4)/(c/(-8)) is divided by 20?
17
Let x = 1509 - 576. What is the remainder when x is divided by 26?
23
Let l be -626*(-1)/14 - (-6)/21. Calculate the remainder when (1 + l)/2 + (3 - 5) is divided by 6.
3
What is the